{"id":2791,"date":"2021-05-16T19:39:20","date_gmt":"2021-05-16T17:39:20","guid":{"rendered":"https:\/\/libes.nl\/?page_id=2791"},"modified":"2024-11-29T11:00:31","modified_gmt":"2024-11-29T10:00:31","slug":"ratten-en-muizen","status":"publish","type":"page","link":"https:\/\/libes.nl\/?page_id=2791","title":{"rendered":"Ratten en Muizen Bestrijding"},"content":{"rendered":"\t\t<div data-elementor-type=\"wp-page\" data-elementor-id=\"2791\" class=\"elementor elementor-2791\" data-elementor-post-type=\"page\">\n\t\t\t\t\t\t<section class=\"elementor-section elementor-top-section elementor-element elementor-element-a22f329 elementor-section-height-min-height elementor-section-stretched elementor-section-boxed elementor-section-height-default elementor-section-items-middle\" data-id=\"a22f329\" data-element_type=\"section\" data-e-type=\"section\" data-settings=\"{&quot;background_background&quot;:&quot;classic&quot;,&quot;shape_divider_top&quot;:&quot;mountains&quot;,&quot;shape_divider_bottom&quot;:&quot;mountains&quot;,&quot;stretch_section&quot;:&quot;section-stretched&quot;}\">\n\t\t\t\t\t\t\t<div class=\"elementor-background-overlay\"><\/div>\n\t\t\t\t\t\t<div class=\"elementor-shape elementor-shape-top\" aria-hidden=\"true\" data-negative=\"false\">\n\t\t\t<svg xmlns=\"http:\/\/www.w3.org\/2000\/svg\" viewBox=\"0 0 1000 100\" preserveAspectRatio=\"none\">\n\t<path class=\"elementor-shape-fill\" opacity=\"0.33\" d=\"M473,67.3c-203.9,88.3-263.1-34-320.3,0C66,119.1,0,59.7,0,59.7V0h1000v59.7 c0,0-62.1,26.1-94.9,29.3c-32.8,3.3-62.8-12.3-75.8-22.1C806,49.6,745.3,8.7,694.9,4.7S492.4,59,473,67.3z\"\/>\n\t<path class=\"elementor-shape-fill\" opacity=\"0.66\" d=\"M734,67.3c-45.5,0-77.2-23.2-129.1-39.1c-28.6-8.7-150.3-10.1-254,39.1 s-91.7-34.4-149.2,0C115.7,118.3,0,39.8,0,39.8V0h1000v36.5c0,0-28.2-18.5-92.1-18.5C810.2,18.1,775.7,67.3,734,67.3z\"\/>\n\t<path class=\"elementor-shape-fill\" d=\"M766.1,28.9c-200-57.5-266,65.5-395.1,19.5C242,1.8,242,5.4,184.8,20.6C128,35.8,132.3,44.9,89.9,52.5C28.6,63.7,0,0,0,0 h1000c0,0-9.9,40.9-83.6,48.1S829.6,47,766.1,28.9z\"\/>\n<\/svg>\t\t<\/div>\n\t\t\t\t<div class=\"elementor-shape elementor-shape-bottom\" aria-hidden=\"true\" data-negative=\"false\">\n\t\t\t<svg xmlns=\"http:\/\/www.w3.org\/2000\/svg\" viewBox=\"0 0 1000 100\" preserveAspectRatio=\"none\">\n\t<path class=\"elementor-shape-fill\" opacity=\"0.33\" d=\"M473,67.3c-203.9,88.3-263.1-34-320.3,0C66,119.1,0,59.7,0,59.7V0h1000v59.7 c0,0-62.1,26.1-94.9,29.3c-32.8,3.3-62.8-12.3-75.8-22.1C806,49.6,745.3,8.7,694.9,4.7S492.4,59,473,67.3z\"\/>\n\t<path class=\"elementor-shape-fill\" opacity=\"0.66\" d=\"M734,67.3c-45.5,0-77.2-23.2-129.1-39.1c-28.6-8.7-150.3-10.1-254,39.1 s-91.7-34.4-149.2,0C115.7,118.3,0,39.8,0,39.8V0h1000v36.5c0,0-28.2-18.5-92.1-18.5C810.2,18.1,775.7,67.3,734,67.3z\"\/>\n\t<path class=\"elementor-shape-fill\" d=\"M766.1,28.9c-200-57.5-266,65.5-395.1,19.5C242,1.8,242,5.4,184.8,20.6C128,35.8,132.3,44.9,89.9,52.5C28.6,63.7,0,0,0,0 h1000c0,0-9.9,40.9-83.6,48.1S829.6,47,766.1,28.9z\"\/>\n<\/svg>\t\t<\/div>\n\t\t\t\t\t<div class=\"elementor-container elementor-column-gap-wide\">\n\t\t\t\t\t<div class=\"elementor-column elementor-col-100 elementor-top-column elementor-element elementor-element-46bfd55\" data-id=\"46bfd55\" data-element_type=\"column\" data-e-type=\"column\">\n\t\t\t<div class=\"elementor-widget-wrap elementor-element-populated\">\n\t\t\t\t\t\t<div class=\"elementor-element elementor-element-48cc3a8 elementor-widget elementor-widget-image\" data-id=\"48cc3a8\" data-element_type=\"widget\" data-e-type=\"widget\" data-widget_type=\"image.default\">\n\t\t\t\t<div class=\"elementor-widget-container\">\n\t\t\t\t\t\t\t\t\t\t\t\t\t\t\t<img decoding=\"async\" width=\"200\" height=\"125\" src=\"https:\/\/libes.nl\/wp-content\/uploads\/2021\/05\/rat_wit_klein.png\" class=\"attachment-medium size-medium wp-image-2888\" alt=\"\" \/>\t\t\t\t\t\t\t\t\t\t\t\t\t\t\t<\/div>\n\t\t\t\t<\/div>\n\t\t\t\t<div class=\"elementor-element elementor-element-1a636e8 elementor-widget elementor-widget-heading\" data-id=\"1a636e8\" data-element_type=\"widget\" data-e-type=\"widget\" data-widget_type=\"heading.default\">\n\t\t\t\t<div class=\"elementor-widget-container\">\n\t\t\t\t\t<h2 class=\"elementor-heading-title elementor-size-default\">Ratten en Muizen Bestrijding<\/h2>\t\t\t\t<\/div>\n\t\t\t\t<\/div>\n\t\t\t\t\t<\/div>\n\t\t<\/div>\n\t\t\t\t\t<\/div>\n\t\t<\/section>\n\t\t\t\t<section class=\"elementor-section elementor-top-section elementor-element elementor-element-f4a0d4b elementor-section-boxed elementor-section-height-default elementor-section-height-default\" data-id=\"f4a0d4b\" data-element_type=\"section\" data-e-type=\"section\">\n\t\t\t\t\t\t<div class=\"elementor-container elementor-column-gap-default\">\n\t\t\t\t\t<div class=\"elementor-column elementor-col-100 elementor-top-column elementor-element elementor-element-571caca\" data-id=\"571caca\" data-element_type=\"column\" data-e-type=\"column\">\n\t\t\t<div class=\"elementor-widget-wrap elementor-element-populated\">\n\t\t\t\t\t\t<div class=\"elementor-element elementor-element-5d5b13f elementor-widget elementor-widget-text-editor\" data-id=\"5d5b13f\" data-element_type=\"widget\" data-e-type=\"widget\" data-widget_type=\"text-editor.default\">\n\t\t\t\t<div class=\"elementor-widget-container\">\n\t\t\t\t\t\t\t\t\t<p><strong>Last van muizen?<\/strong> Lib\u00e8s helpt u van uw muizen af! Muizen zijn onhygi\u00ebnisch en zorgen voor overlast en schade. Ook bevat het speeksel van muizen virussen en bacteri\u00ebn. Dit kan voor voedselvergiftiging zorgen. Wanneer je te maken hebt met een muizenplaag, herken je dat gemakkelijk. Muizen leven in groepen. Wanneer je \u00e9\u00e9n muis in het pand of de woning hebt gezien, weet je dus dat je te maken hebt met meer. Muizen planten zich bovendien razendsnel voort. Voor je het weet heb je een kolonie muizen. Wanneer je met muizen te maken hebt, zie je ze dus letterlijk rondrennen.<\/p><p>Kenmerken muizenplaag<br \/>Ook herken je een muizenplaag aan zichtbare kenmerken die ze achterlaten. Muizen laten uitwerpselen achter. Ook kun je vaak een scherpe geur waarnemen waaraan je de aanwezigheid van muizen vaststelt. Muizen zijn erg goed in het verstoppen en knagen zich gemakkelijk door verschillende materialen heen.<\/p><h4>Schakel Lib\u00e8s in als het om muizen gaat\u2026<\/h4><p>Muizen vermenigvuldigen zich razendsnel met diverse nestjes. Daarom is het van belang dat je een muizenbestrijding zo snel en effectief mogelijk uitvoert. Je kunt proberen zelf je muizen te verjagen. Vaak leidt dat niet tot het gewenste resultaat of een langdurige oplossing. Muizen laten zich moeilijk verjagen. Schakel een expert in! Lib\u00e8s bestrijdt muizen zowel in huis als in bedrijfspanden.<\/p>\t\t\t\t\t\t\t\t<\/div>\n\t\t\t\t<\/div>\n\t\t\t\t\t<\/div>\n\t\t<\/div>\n\t\t\t\t\t<\/div>\n\t\t<\/section>\n\t\t\t\t<section class=\"elementor-section elementor-top-section elementor-element elementor-element-8cd7e5c elementor-section-boxed elementor-section-height-default elementor-section-height-default\" data-id=\"8cd7e5c\" data-element_type=\"section\" data-e-type=\"section\">\n\t\t\t\t\t\t<div class=\"elementor-container elementor-column-gap-default\">\n\t\t\t\t\t<div class=\"elementor-column elementor-col-20 elementor-top-column elementor-element elementor-element-b33be3c\" data-id=\"b33be3c\" data-element_type=\"column\" data-e-type=\"column\">\n\t\t\t<div class=\"elementor-widget-wrap elementor-element-populated\">\n\t\t\t\t\t\t<div class=\"elementor-element elementor-element-7b5be91 elementor-widget elementor-widget-image\" data-id=\"7b5be91\" data-element_type=\"widget\" data-e-type=\"widget\" data-widget_type=\"image.default\">\n\t\t\t\t<div class=\"elementor-widget-container\">\n\t\t\t\t\t\t\t\t\t\t\t\t\t\t\t<img fetchpriority=\"high\" decoding=\"async\" width=\"768\" height=\"463\" src=\"https:\/\/libes.nl\/wp-content\/uploads\/2021\/05\/ratten1-768x463.jpg\" class=\"attachment-medium_large size-medium_large wp-image-2645\" alt=\"\" srcset=\"https:\/\/libes.nl\/wp-content\/uploads\/2021\/05\/ratten1-768x463.jpg 768w, https:\/\/libes.nl\/wp-content\/uploads\/2021\/05\/ratten1-300x181.jpg 300w, https:\/\/libes.nl\/wp-content\/uploads\/2021\/05\/ratten1-1024x617.jpg 1024w, https:\/\/libes.nl\/wp-content\/uploads\/2021\/05\/ratten1-1200x724.jpg 1200w, https:\/\/libes.nl\/wp-content\/uploads\/2021\/05\/ratten1.jpg 1524w\" sizes=\"(max-width: 768px) 100vw, 768px\" \/>\t\t\t\t\t\t\t\t\t\t\t\t\t\t\t<\/div>\n\t\t\t\t<\/div>\n\t\t\t\t\t<\/div>\n\t\t<\/div>\n\t\t\t\t<div class=\"elementor-column elementor-col-20 elementor-top-column elementor-element elementor-element-857a857\" data-id=\"857a857\" data-element_type=\"column\" data-e-type=\"column\">\n\t\t\t<div class=\"elementor-widget-wrap elementor-element-populated\">\n\t\t\t\t\t\t<div class=\"elementor-element elementor-element-778af52 elementor-widget elementor-widget-image\" data-id=\"778af52\" data-element_type=\"widget\" data-e-type=\"widget\" data-widget_type=\"image.default\">\n\t\t\t\t<div class=\"elementor-widget-container\">\n\t\t\t\t\t\t\t\t\t\t\t\t\t\t\t<img decoding=\"async\" width=\"768\" height=\"463\" src=\"https:\/\/libes.nl\/wp-content\/uploads\/2021\/05\/ratten6-768x463.jpg\" class=\"attachment-medium_large size-medium_large wp-image-2875\" alt=\"\" srcset=\"https:\/\/libes.nl\/wp-content\/uploads\/2021\/05\/ratten6-768x463.jpg 768w, https:\/\/libes.nl\/wp-content\/uploads\/2021\/05\/ratten6-300x181.jpg 300w, https:\/\/libes.nl\/wp-content\/uploads\/2021\/05\/ratten6-1024x617.jpg 1024w, https:\/\/libes.nl\/wp-content\/uploads\/2021\/05\/ratten6-1200x724.jpg 1200w, https:\/\/libes.nl\/wp-content\/uploads\/2021\/05\/ratten6.jpg 1524w\" sizes=\"(max-width: 768px) 100vw, 768px\" \/>\t\t\t\t\t\t\t\t\t\t\t\t\t\t\t<\/div>\n\t\t\t\t<\/div>\n\t\t\t\t\t<\/div>\n\t\t<\/div>\n\t\t\t\t<div class=\"elementor-column elementor-col-20 elementor-top-column elementor-element elementor-element-cc8d3df\" data-id=\"cc8d3df\" data-element_type=\"column\" data-e-type=\"column\">\n\t\t\t<div class=\"elementor-widget-wrap elementor-element-populated\">\n\t\t\t\t\t\t<div class=\"elementor-element elementor-element-c55060d elementor-widget elementor-widget-image\" data-id=\"c55060d\" data-element_type=\"widget\" data-e-type=\"widget\" data-widget_type=\"image.default\">\n\t\t\t\t<div class=\"elementor-widget-container\">\n\t\t\t\t\t\t\t\t\t\t\t\t\t\t\t<img loading=\"lazy\" decoding=\"async\" width=\"768\" height=\"463\" src=\"https:\/\/libes.nl\/wp-content\/uploads\/2021\/05\/ratten3-768x463.jpg\" class=\"attachment-medium_large size-medium_large wp-image-2872\" alt=\"\" srcset=\"https:\/\/libes.nl\/wp-content\/uploads\/2021\/05\/ratten3-768x463.jpg 768w, https:\/\/libes.nl\/wp-content\/uploads\/2021\/05\/ratten3-300x181.jpg 300w, https:\/\/libes.nl\/wp-content\/uploads\/2021\/05\/ratten3-1024x617.jpg 1024w, https:\/\/libes.nl\/wp-content\/uploads\/2021\/05\/ratten3-1200x724.jpg 1200w, https:\/\/libes.nl\/wp-content\/uploads\/2021\/05\/ratten3.jpg 1524w\" sizes=\"(max-width: 768px) 100vw, 768px\" \/>\t\t\t\t\t\t\t\t\t\t\t\t\t\t\t<\/div>\n\t\t\t\t<\/div>\n\t\t\t\t\t<\/div>\n\t\t<\/div>\n\t\t\t\t<div class=\"elementor-column elementor-col-20 elementor-top-column elementor-element elementor-element-cb40750\" data-id=\"cb40750\" data-element_type=\"column\" data-e-type=\"column\">\n\t\t\t<div class=\"elementor-widget-wrap elementor-element-populated\">\n\t\t\t\t\t\t<div class=\"elementor-element elementor-element-508eb52 elementor-widget elementor-widget-image\" data-id=\"508eb52\" data-element_type=\"widget\" data-e-type=\"widget\" data-widget_type=\"image.default\">\n\t\t\t\t<div class=\"elementor-widget-container\">\n\t\t\t\t\t\t\t\t\t\t\t\t\t\t\t<img loading=\"lazy\" decoding=\"async\" width=\"768\" height=\"463\" src=\"https:\/\/libes.nl\/wp-content\/uploads\/2021\/05\/ratten5-768x463.jpg\" class=\"attachment-medium_large size-medium_large wp-image-2874\" alt=\"\" srcset=\"https:\/\/libes.nl\/wp-content\/uploads\/2021\/05\/ratten5-768x463.jpg 768w, https:\/\/libes.nl\/wp-content\/uploads\/2021\/05\/ratten5-300x181.jpg 300w, https:\/\/libes.nl\/wp-content\/uploads\/2021\/05\/ratten5-1024x617.jpg 1024w, https:\/\/libes.nl\/wp-content\/uploads\/2021\/05\/ratten5-1200x724.jpg 1200w, https:\/\/libes.nl\/wp-content\/uploads\/2021\/05\/ratten5.jpg 1524w\" sizes=\"(max-width: 768px) 100vw, 768px\" \/>\t\t\t\t\t\t\t\t\t\t\t\t\t\t\t<\/div>\n\t\t\t\t<\/div>\n\t\t\t\t\t<\/div>\n\t\t<\/div>\n\t\t\t\t<div class=\"elementor-column elementor-col-20 elementor-top-column elementor-element elementor-element-d2d7a5a\" data-id=\"d2d7a5a\" data-element_type=\"column\" data-e-type=\"column\">\n\t\t\t<div class=\"elementor-widget-wrap elementor-element-populated\">\n\t\t\t\t\t\t<div class=\"elementor-element elementor-element-2bee3bb elementor-widget elementor-widget-image\" data-id=\"2bee3bb\" data-element_type=\"widget\" data-e-type=\"widget\" data-widget_type=\"image.default\">\n\t\t\t\t<div class=\"elementor-widget-container\">\n\t\t\t\t\t\t\t\t\t\t\t\t\t\t\t<img loading=\"lazy\" decoding=\"async\" width=\"768\" height=\"463\" src=\"https:\/\/libes.nl\/wp-content\/uploads\/2021\/05\/ratten4-768x463.jpg\" class=\"attachment-medium_large size-medium_large wp-image-2873\" alt=\"\" srcset=\"https:\/\/libes.nl\/wp-content\/uploads\/2021\/05\/ratten4-768x463.jpg 768w, https:\/\/libes.nl\/wp-content\/uploads\/2021\/05\/ratten4-300x181.jpg 300w, https:\/\/libes.nl\/wp-content\/uploads\/2021\/05\/ratten4-1024x617.jpg 1024w, https:\/\/libes.nl\/wp-content\/uploads\/2021\/05\/ratten4-1200x724.jpg 1200w, https:\/\/libes.nl\/wp-content\/uploads\/2021\/05\/ratten4.jpg 1524w\" sizes=\"(max-width: 768px) 100vw, 768px\" \/>\t\t\t\t\t\t\t\t\t\t\t\t\t\t\t<\/div>\n\t\t\t\t<\/div>\n\t\t\t\t\t<\/div>\n\t\t<\/div>\n\t\t\t\t\t<\/div>\n\t\t<\/section>\n\t\t\t\t<section class=\"elementor-section elementor-top-section elementor-element elementor-element-43c7bc5 elementor-section-boxed elementor-section-height-default elementor-section-height-default\" data-id=\"43c7bc5\" data-element_type=\"section\" data-e-type=\"section\">\n\t\t\t\t\t\t<div class=\"elementor-container elementor-column-gap-default\">\n\t\t\t\t\t<div class=\"elementor-column elementor-col-100 elementor-top-column elementor-element elementor-element-fcf7207\" data-id=\"fcf7207\" data-element_type=\"column\" data-e-type=\"column\">\n\t\t\t<div class=\"elementor-widget-wrap elementor-element-populated\">\n\t\t\t\t\t\t<div class=\"elementor-element elementor-element-21f1513 elementor-widget elementor-widget-text-editor\" data-id=\"21f1513\" data-element_type=\"widget\" data-e-type=\"widget\" data-widget_type=\"text-editor.default\">\n\t\t\t\t<div class=\"elementor-widget-container\">\n\t\t\t\t\t\t\t\t\t<p>Schakel Lib\u00e8s ook in als het om <strong>rattenbestrijding<\/strong> gaat! Ratten zijn doorgaans moeilijk te pakken. Dit heeft ermee te maken dat ze van nature slim zijn. Maar ook zijn ratten voorzichtig. Ratten herken je onder andere aan een spoor van vernieling dat ze achterlaten. Ratten knagen kabels door en laten langwerpige keutels achter van wel een centimeter of langer. Ook kun je de aanwezigheid van ratten vaak vaststellen aan de smeersporen en pootafdrukken. Ratten hebben de neiging om met hun onderbuik in contact te blijven met de vaste ondergrond. Hiermee veroorzaken ze smeersporen langs wanden, muren en trappen. Heb je een rat gezien? Schakel Lib\u00e8s in! Ratten leven in koloni\u00ebn en zijn gevaarlijk. Ze richten schade aan voedselvoorraden, bedradingen en constructies aan. Bovendien verspreiden ratten ziektes, bacteri\u00ebn en virussen.<\/p><h4><strong>Bruine en zwarte ratten<\/strong><\/h4><p>Last van ratten? Dan gaat het waarschijnlijk om de bruine rat. In de achttiende eeuw is de bruine rat tijdens reizen van en naar Azi\u00eb in ons land terecht gekomen. De bruine rat heeft een grijsbruine vacht en een lichtere buik. De staart van de bruine rat is kleiner dan zijn lijf. Bruine ratten leven op vochtige en donkere plaatsen zoals in kelders, stallen en riolen. Bruine ratten eten alles. Dat maakt dat ze zowel kostbaar voedsel als ook menselijk afval aantrekkelijk vinden. Ze zijn schuw en houden niet van licht. Ratten gaan knagend door het leven omdat hun tanden continu blijven groeien. Zwarte ratten leven op warmere plekken en zijn daardoor uitsluitend binnenshuis te vinden. Ze komen minder voor in Nederland. De staart van een zwarte rat is langer dan zijn lichaam. Net als de bruine rat is de zwarte rat schuw en moeilijk te vangen.<\/p>\t\t\t\t\t\t\t\t<\/div>\n\t\t\t\t<\/div>\n\t\t\t\t\t<\/div>\n\t\t<\/div>\n\t\t\t\t\t<\/div>\n\t\t<\/section>\n\t\t\t\t<section class=\"elementor-section elementor-top-section elementor-element elementor-element-8a33bc1 elementor-section-boxed elementor-section-height-default elementor-section-height-default\" data-id=\"8a33bc1\" data-element_type=\"section\" data-e-type=\"section\">\n\t\t\t\t\t\t<div class=\"elementor-container elementor-column-gap-default\">\n\t\t\t\t\t<div class=\"elementor-column elementor-col-100 elementor-top-column elementor-element elementor-element-d073b3d\" data-id=\"d073b3d\" data-element_type=\"column\" data-e-type=\"column\">\n\t\t\t<div class=\"elementor-widget-wrap elementor-element-populated\">\n\t\t\t\t\t\t<div class=\"elementor-element elementor-element-edaef54 elementor-headline--style-highlight elementor-widget elementor-widget-animated-headline\" data-id=\"edaef54\" data-element_type=\"widget\" data-e-type=\"widget\" data-settings=\"{&quot;marker&quot;:&quot;underline_zigzag&quot;,&quot;highlighted_text&quot;:&quot;045-2078069&quot;,&quot;headline_style&quot;:&quot;highlight&quot;,&quot;loop&quot;:&quot;yes&quot;,&quot;highlight_animation_duration&quot;:1200,&quot;highlight_iteration_delay&quot;:8000}\" data-widget_type=\"animated-headline.default\">\n\t\t\t\t<div class=\"elementor-widget-container\">\n\t\t\t\t\t\t\t\t<a href=\"tel:0452078069\">\n\n\t\t\t\t\t<h3 class=\"elementor-headline\">\n\t\t\t\t\t<span class=\"elementor-headline-plain-text elementor-headline-text-wrapper\">Bel Lib\u00e8s <\/span>\n\t\t\t\t<span class=\"elementor-headline-dynamic-wrapper elementor-headline-text-wrapper\">\n\t\t\t\t\t<span class=\"elementor-headline-dynamic-text elementor-headline-text-active\">045-2078069<\/span>\n\t\t\t\t<\/span>\n\t\t\t\t<\/h3>\n\t\t<\/a>\t\t\t\t<\/div>\n\t\t\t\t<\/div>\n\t\t\t\t<div class=\"elementor-element elementor-element-71bb615 elementor-widget elementor-widget-spacer\" data-id=\"71bb615\" data-element_type=\"widget\" data-e-type=\"widget\" data-widget_type=\"spacer.default\">\n\t\t\t\t<div class=\"elementor-widget-container\">\n\t\t\t\t\t\t\t<div class=\"elementor-spacer\">\n\t\t\t<div class=\"elementor-spacer-inner\"><\/div>\n\t\t<\/div>\n\t\t\t\t\t\t<\/div>\n\t\t\t\t<\/div>\n\t\t\t\t\t<\/div>\n\t\t<\/div>\n\t\t\t\t\t<\/div>\n\t\t<\/section>\n\t\t\t\t<\/div>\n\t\t","protected":false},"excerpt":{"rendered":"<p>Ratten en Muizen Bestrijding Last van muizen? Lib\u00e8s helpt u van uw muizen af! Muizen zijn onhygi\u00ebnisch en zorgen voor overlast en schade. Ook bevat het speeksel van muizen virussen en bacteri\u00ebn. Dit kan voor voedselvergiftiging zorgen. Wanneer je te maken hebt met een muizenplaag, herken je dat gemakkelijk. Muizen leven in groepen. Wanneer je&hellip;<\/p>\n","protected":false},"author":201450416,"featured_media":0,"parent":0,"menu_order":0,"comment_status":"closed","ping_status":"closed","template":"","meta":{"footnotes":""},"class_list":["post-2791","page","type-page","status-publish","hentry"],"_links":{"self":[{"href":"https:\/\/libes.nl\/index.php?rest_route=\/wp\/v2\/pages\/2791","targetHints":{"allow":["GET"]}}],"collection":[{"href":"https:\/\/libes.nl\/index.php?rest_route=\/wp\/v2\/pages"}],"about":[{"href":"https:\/\/libes.nl\/index.php?rest_route=\/wp\/v2\/types\/page"}],"author":[{"embeddable":true,"href":"https:\/\/libes.nl\/index.php?rest_route=\/wp\/v2\/users\/201450416"}],"replies":[{"embeddable":true,"href":"https:\/\/libes.nl\/index.php?rest_route=%2Fwp%2Fv2%2Fcomments&post=2791"}],"version-history":[{"count":112,"href":"https:\/\/libes.nl\/index.php?rest_route=\/wp\/v2\/pages\/2791\/revisions"}],"predecessor-version":[{"id":5507,"href":"https:\/\/libes.nl\/index.php?rest_route=\/wp\/v2\/pages\/2791\/revisions\/5507"}],"wp:attachment":[{"href":"https:\/\/libes.nl\/index.php?rest_route=%2Fwp%2Fv2%2Fmedia&parent=2791"}],"curies":[{"name":"wp","href":"https:\/\/api.w.org\/{rel}","templated":true}]}}